ime?
True
Is 373699 prime?
False
Is 214771 composite?
False
Is 347593 composite?
True
Is 18119 a prime number?
True
Is 41137 composite?
True
Is 2237 a prime number?
True
Is 1559 prime?
True
Is 259543 a composite number?
True
Is 787 a prime number?
True
Is 1459 prime?
True
Is 80378 a prime number?
False
Is 1314317 prime?
True
Is 9757 a composite number?
True
Is 424559 composite?
False
Is 34807 prime?
True
Is 15503 prime?
False
Is 1032097 prime?
False
Is 275017 a composite number?
True
Is 994463 a prime number?
False
Is 13073 a composite number?
True
Is 5893 a prime number?
False
Is 36035 prime?
False
Is 894097 a prime number?
True
Is 97 a prime number?
True
Is 43657 composite?
True
Is 577387 a composite number?
False
Is 235607 composite?
False
Is 35251 composite?
False
Is 4398753 a composite number?
True
Is 14431 a composite number?
False
Is 20663 composite?
False
Is 22739 composite?
False
Is 6509 a prime number?
False
Is 24499 prime?
True
Is 3277 a composite number?
True
Is 7993 composite?
False
Is 3033229 a prime number?
True
Is 140419 a composite number?
False
Is 290471 prime?
True
Is 311509 a prime number?
False
Is 121957 a composite number?
True
Is 8691 prime?
False
Is 39097 composite?
False
Is 52379 a prime number?
True
Is 353293 a prime number?
True
Is 1024547 prime?
True
Is 5711 prime?
True
Is 8147 a prime number?
True
Is 217739 prime?
True
Is 1187 a prime number?
True
Is 16349 prime?
True
Is 23509 a composite number?
False
Is 604753 composite?
False
Is 920209 composite?
False
Is 96505 prime?
False
Is 207781 composite?
True
Is 1761 prime?
False
Is 2189 a prime number?
False
Is 233069 prime?
True
Is 345601 a composite number?
False
Is 36887 a composite number?
False
Is 19385 prime?
False
Is 373903 composite?
False
Is 91313 composite?
True
Is 172191 a composite number?
True
Is 4126 a prime number?
False
Is 21479 composite?
True
Is 18707 composite?
True
Is 577849 a composite number?
False
Is 78367 composite?
False
Is 15829 a prime number?
False
Is 13471 composite?
True
Is 641 composite?
False
Is 95369 a composite number?
False
Is 22051 a prime number?
True
Is 128473 a composite number?
False
Is 389 prime?
True
Is 270899 composite?
False
Is 1312163 composite?
True
Is 154891 a prime number?
False
Is 2601353 a composite number?
True
Is 435343 a prime number?
True
Is 33527 prime?
False
Is 135699 a composite number?
True
Is 41467 prime?
True
Is 7781 composite?
True
Is 541 composite?
False
Is 7543 prime?
False
Is 2754361 a composite number?
False
Is 4609 a prime number?
False
Is 650227 composite?
False
Is 21089 composite?
False
Is 36913 composite?
False
Is 762911 composite?
True
Is 1589 prime?
False
Is 4994897 a composite number?
False
Is 9979 a composite number?
True
Is 73165 a composite number?
True
Is 18303 composite?
True
Is 6332882 a prime number?
False
Is 3719 prime?
True
Is 167081 prime?
True
Is 111919 composite?
False
Is 707537 a composite number?
True
Is 1561 a composite number?
True
Is 1181 a composite number?
False
Is 252917 a composite number?
True
Is 1508033 composite?
False
Is 17543 a composite number?
True
Is 67909 composite?
True
Is 611093 a prime number?
False
Is 836413 prime?
True
Is 13553 prime?
True
Is 234919 a prime number?
False
Is 3821 prime?
True
Is 5923 a composite number?
False
Is 337 a composite number?
False
Is 255217 composite?
False
Is 434237 prime?
True
Is 12437 a prime number?
True
Is 190922 a composite number?
True
Is 17317 prime?
True
Is 97423 prime?
True
Is 3659 a prime number?
True
Is 34514 a composite number?
True
Is 7177 composite?
False
Is 280673 prime?
True
Is 1239697 composite?
False
Is 9901 composite?
False
Is 315281 a prime number?
True
Is 1754 prime?
False
Is 116849 a composite number?
False
Is 83751 a prime number?
False
Is 90049 a prime number?
False
Is 161533 prime?
False
Is 130909 prime?
False
Is 1431273 a composite number?
True
Is 6173 a composite number?
False
Is 6295 prime?
False
Is 17717 a prime number?
False
Is 60142 composite?
True
Is 62639 prime?
True
Is 169 a prime number?
False
Is 40343 a composite number?
False
Is 145 a prime number?
False
Is 30631 a prime number?
True
Is 29905 a composite number?
True
Is 603254 composite?
True
Is 45383 a prime number?
False
Is 793021 a composite number?
True
Is 91241 prime?
False
Is 558521 composite?
False
Is 800795 prime?
False
Is 92551 prime?
True
Is 2887 a composite number?
False
Is 10817 composite?
True
Is 2321 prime?
False
Is 57803 composite?
False
Is 2251 prime?
True
Is 40862 composite?
True
Is 24239 composite?
False
Is 58085 composite?
True
Is 3907 prime?
True
Is 19631 prime?
False
Is 115 composite?
True
Is 373 prime?
True
Is 5711 prime?
True
Is 318953 prime?
False
Is 14051 prime?
True
Is 2434535 composite?
True
Is 3849787 prime?
True
Is 73517 prime?
True
Is 61771 a prime number?
False
Is 78583 a prime number?
True
Is 9305 a prime number?
False
Is 115117 a composite number?
False
Is 115 a prime number?
False
Is 104441 a prime number?
False
Is 366593 a prime number?
True
Is 1182613 prime?
False
Is 275201 composite?
False
Is 222013 composite?
True
Is 525367 a composite number?
True
Is 78947 a composite number?
True
Is 8581 prime?
True
Is 49759 a prime number?
False
Is 14603 composite?
True
Is 179801 composite?
False
Is 6349 a composite number?
True
Is 128549 prime?
True
Is 92591 a composite number?
True
Is 4409 composite?
False
Is 40421 a prime number?
False
Is 31921 prime?
False
Is 3866 a prime number?
False
Is 14629 prime?
True
Is 3761 composite?
False
Is 127 prime?
True
Is 29737 prime?
False
Is 28349 prime?
True
Is 23233 prime?
False
Is 49757 composite?
False
Is 71507 prime?
False
Is 38221 a prime number?
False
Is 65811 prime?
False
Is 22937 composite?
False
Is 108943 a prime number?
True
Is 19733 composite?
True
Is 24646 a prime number?
False
Is 8209 composite?
False
Is 2157 a composite number?
True
Is 661114 prime?
False
Is 144469 a composite number?
True
Is 46993 prime?
True
Is 36571 prime?
True
Is 406495 a prime number?
False
Is 412549 composite?
True
Is 20807 a composite number?
False
Is 1739 prime?
False
Is 44059 a composite number?
False
Is 507531 prime?
False
Is 373487 prime?
True
Is 344111 prime?
True
Is 471778 composite?
True
Is 705721 prime?
False
Is 70709 a prime number?
True
Is 59155 composite?
True
Is 41863 composite?
False
Is 5127 prime?
False
Is 376429 prime?
False
Is 88123 a composite number?
True
Is 2017 composite?
False
Is 6169 a prime number?
False
Is 644218 a composite number?
True
Is 202415 a composite number?
True
Is 753 composite?
True
Is 723029 a composite number?
False
Is 225581 prime?
True
Is 70442 a composite number?
True
Is 10154 a composite number?
True
Is 98309 a prime number?
False
Is 47899 a composite number?
True
Is 893969 prime?
False
Is 14717 composite?
False
Is 5449 a composite number?
False
Is 333097 a prime number?
True
Is 10031 prime?
False
Is 51251 a composite number?
True
Is 20765 composite?
True
Is 320035 prime?
False
Is 128981 a prime number?
True
Is 2735 a prime number?
False
Is 1151 prime?
True
Is 13997 composite?
False
Is 14869 a prime number?
True
Is 13157 composite?
True
Is 74614 composite?
True
Is 4915 a prime number?
False
Is 124451 a prime number?
False
Is 1020583 composite?
False
Is 17167 composite?
False
Is 13331 a prime number?
True
Is 32117 composite?
False
Is 55659 composite?
True
Is 388711 prime?
True
Is 71105 composite?
True
Is 29989 prime?
True
Is 3293 prime?
False
Is 1967 composite?
True
Is 5209 a prime number?
True
Is 193433 composite?
False
Is 14741 prime?
True
Is 620501 a prime number?
False
Is 2959982 a composite number?
True
Is 719 a prime number?
True
Is 93017 composite?
True
Is 236981 prime?
True
Is 12077 a prime number?
False
Is 197741 a prime number?
True
Is 22613 a composite number?
False
Is 7369 a composite number?
False
Is 27754 a prime number?
False
Is 182321 a composite number?
True
Is 53617 a composite number?
False
Is 53519 a prime number?
False
Is 398477 prime?
True
Is 5387 prime?
True
Is 58271 prime?
True
Is 50723 prime?
True
Is 3356123 composite?
True
Is 1931 composite?
False
Is 9227 composite?
False
Is 5998 a composite number?
True
Is 284719 prime?
False
Is 2001397 composite?
False
Is 93979 a composite number?
False
Is 42221 a prime number?
True
Is 615539 a prim